0 a multiple of 1361?
False
Is 10 a factor of 87625470?
True
Does 206 divide 30806864?
False
Does 39 divide 15632019?
True
Does 3 divide 49780761?
True
Is 550947256 a multiple of 19?
True
Is 7658904 even?
True
Does 224 divide 195092128?
True
Is 82536372 a multiple of 412?
True
Is 1706 a factor of 1799228078?
False
Is 398802319 a multiple of 20?
False
Is 786341596 a multiple of 1333?
False
Does 95 divide 450310260?
True
Is 178 a factor of 671809024?
True
Is 264233256 a multiple of 7?
True
Is 3 a factor of 9699081?
True
Does 950 divide 76228000?
True
Is 60 a factor of 1191480?
True
Is 2237 a factor of 18409852?
False
Does 5485 divide 1095431290?
True
Is 58 a factor of 87375976?
False
Does 1408 divide 24286592?
True
Does 34 divide 924057678?
True
Is 56515417 a multiple of 3076?
False
Is 140723100 a multiple of 42?
True
Does 151 divide 22914566?
False
Is 6 a factor of 44911052?
False
Is 1814 a factor of 389096548?
False
Is 4957 a factor of 472491326?
True
Does 275 divide 157225229?
False
Is 244590786 a multiple of 33?
True
Does 2 divide 12258258?
True
Is 257895372 a multiple of 68?
True
Does 15 divide 433287480?
True
Does 4 divide 100353044?
True
Is 167946549 a multiple of 3637?
False
Is 2833 a factor of 13200612?
False
Does 12 divide 16339675?
False
Is 539800873 a multiple of 875?
False
Does 62 divide 333254092?
True
Is 103 a factor of 73915478?
True
Is 44383680 a multiple of 270?
True
Is 48 a factor of 474466896?
True
Is 155691987 a multiple of 201?
True
Is 14557414 a multiple of 71?
True
Does 5 divide 422235780?
True
Is 35 a factor of 121896478?
False
Is 219 a factor of 80164074?
True
Is 85 a factor of 24452304?
False
Does 7 divide 3048250?
False
Is 1946601127 a multiple of 37?
False
Does 699 divide 64166802?
True
Is 131 a factor of 86784935?
False
Is 51233136 a multiple of 16?
True
Does 2352 divide 51515856?
True
Does 8 divide 37322120?
True
Is 1443236961 a multiple of 13?
False
Is 55 a factor of 18059315?
False
Does 101 divide 663217712?
True
Is 12577188 a multiple of 4?
True
Is 28151392 a multiple of 160?
False
Is 69 a factor of 1122342615?
True
Is 80304347 a multiple of 185?
False
Is 13 a factor of 30397354?
True
Is 149030784 a multiple of 10?
False
Does 24 divide 61178784?
True
Is 18 a factor of 765426403?
False
Is 91 a factor of 53566786?
True
Is 76 a factor of 23486052?
True
Does 137 divide 27126137?
True
Is 613575853 a multiple of 23?
True
Is 25 a factor of 384807018?
False
Is 6730 a factor of 1689923190?
True
Is 653970 even?
True
Does 252 divide 1095327828?
True
Is 41 a factor of 186773785?
False
Does 4055 divide 419274835?
True
Is 445665148 a multiple of 17?
False
Does 9 divide 292906305?
True
Does 16 divide 10374382?
False
Does 13 divide 1413170213?
True
Is 3 a factor of 25765225?
False
Is 19 a factor of 475600975?
False
Does 844 divide 121212305?
False
Is 173511347 a multiple of 957?
False
Is 1476 a factor of 1549945620?
False
Is 25 a factor of 31158800?
True
Does 23 divide 623767000?
False
Is 27685544 a multiple of 2894?
False
Is 3533571221 a multiple of 325?
False
Does 1699 divide 100245620?
False
Is 21867622 a multiple of 686?
True
Does 21 divide 475676645?
False
Is 102601967 a multiple of 16?
False
Does 1036 divide 17240076?
True
Does 360 divide 260797579?
False
Does 560 divide 141558409?
False
Is 3226457497 a multiple of 64?
False
Is 320359349 a multiple of 273?
False
Is 1984 a factor of 331276523?
False
Is 1515234168 a multiple of 24?
True
Is 61604051 a multiple of 70?
False
Does 9 divide 96653532?
False
Is 31229213 a multiple of 20?
False
Does 5 divide 67856165?
True
Is 9498454 a multiple of 217?
False
Is 682766543 a multiple of 4789?
False
Is 7789193 even?
False
Is 2133 a factor of 71446968?
True
Is 503 a factor of 160744716?
True
Is 6779806 a multiple of 56?
False
Is 51825339 a multiple of 243?
True
Is 5503 a factor of 460171866?
True
Is 53515944 a multiple of 216?
True
Does 44 divide 89918137?
False
Does 299 divide 23710700?
True
Is 150 a factor of 501818118?
False
Is 4028 a factor of 618946508?
True
Does 5 divide 1723970?
True
Does 770 divide 712843670?
True
Does 1700 divide 28310992?
False
Is 20171922 a multiple of 24?
False
Does 25 divide 36077575?
True
Is 2030643519 a multiple of 2229?
True
Is 80266986 a multiple of 8?
False
Does 2935 divide 651845890?
True
Is 218 a factor of 335414353?
False
Is 362 a factor of 146369994?
True
Does 12 divide 12989943?
False
Does 36 divide 44853948?
True
Does 424 divide 429904041?
False
Is 19 a factor of 193569005?
False
Is 42714000 a multiple of 48?
True
Is 55 a factor of 21649409?
False
Is 35 a factor of 294121240?
True
Does 378 divide 128992268?
False
Is 162413139 a multiple of 548?
False
Is 57202972 a multiple of 14?
False
Is 4733875 a multiple of 15?
False
Does 4963 divide 3628155077?
False
Is 117 a factor of 23764349?
False
Is 87015447 a multiple of 9?
True
Is 58 a factor of 414972729?
False
Is 11 a factor of 615402095?
True
Is 69 a factor of 712256571?
True
Does 60 divide 97781707?
False
Is 191 a factor of 15455446?
False
Does 154 divide 169069251?
False
Does 9 divide 1388503?
False
Does 1629 divide 86692122?
True
Is 159090000 a multiple of 20?
True
Does 21 divide 2855216?
False
Is 34634606 a multiple of 8?
False
Does 6 divide 1150923822?
True
Is 2602 a factor of 118846635?
False
Is 40280211 a multiple of 7?
False
Is 13 a factor of 3317905949?
False
Is 520 a factor of 36444215?
False
Does 563 divide 37055680?
False
Does 179 divide 7371578?
True
Is 60408086 a multiple of 7?
False
Is 93 a factor of 103134489?
True
Is 3460233 a multiple of 23?
False
Is 13823156 a multiple of 815?
False
Is 21 a factor of 81979841?
False
Is 38949929 a multiple of 558?
False
Is 18 a factor of 6204780?
True
Is 44 a factor of 53355946?
False
Does 82 divide 3174630?
True
Is 250809760 a multiple of 508?
True
Is 310594539 a multiple of 337?
False
Does 9 divide 129690111?
False
Does 47 divide 124234118?
False
Is 2152 a factor of 128205255?
False
Is 485168947 a multiple of 3?
False
Is 235611061 a multiple of 43?
True
Is 2263521043 a multiple of 478?
False
Is 12 a factor of 25558560?
True
Is 211 a factor of 39701549?
True
Is 68 a factor of 781238180?
False
Is 20245595 a multiple of 781?
False
Is 1553 a factor of 1153879?
True
Is 1484848 a multiple of 206?
True
Is 5 a factor of 789115605?
True
Does 2570 divide 6445560?
True
Does 15 divide 2526523?
False
Is 87 a factor of 120293595?
True
Is 204 a factor of 29961888?
True
Does 20 divide 2596919114?
False
Does 22 divide 82450132?
False
Is 1981097101 a multiple of 95?
False
Is 48 a factor of 14895744?
True
Does 48 divide 5424209?
False
Is 52 a factor of 58421532?
True
Is 314 a factor of 40856822?
False
Does 3499 divide 1758650175?
False
Does 2592 divide 51381119?
False
Is 1409232 a multiple of 44?
True
Is 1203 a factor of 1569915?
True
Is 299 a factor of 4283773?
True
Does 270 divide 4913460?
True
Does 7 divide 1951908553?
True
Does 68 divide 22993928?
True
Is 3155387671 a multiple of 15?
False
Is 329 a factor of 3062332?
True
Does 816 divide 64559472?
True
Is 4180826 a multiple of 32?
False
Is 158605015 a multiple of 119?
False
Is 154 a factor of 85993228?
False
Does 20 divide 594629262?
False
Is 4326325858 a multiple of 6967?
True
Is 27 a factor of 39854133?
True
Is 123 a factor of 17952064?
False
Does 2875 divide 53074410?
False
Does 1012 divide 97219804?
True
Is 34842468 a multiple of 12?
True
Does 672 divide 21520784?
False
Is 8847029 a multiple of 315?
False
Does 5891 divide 2153422826?
False
Does 4 divide 82385330?
False
Does 1175 divide 15837427?
False
Is 5531 a factor of 464211299?
True
Is 24924938 a multiple of 4171?
False
Does 72 divide 76868024?
False
Does 15 divide 2572083318?
False
Does 1147 divide 1988969114?
True
Does 8 divide 291798597?
False
Is 555356956 a multiple of 308?
True
Is 1999031424 a multiple of 48?
True
Is 148 a factor of 1504841550?
False
Does 2632 divide 457273010?
False
Is 1476 a factor of 557029116?
True
Does 1477 divide 25621005?
False
Does 208 divide 166266748?
False
Is 6 a factor of 59050042?
False
Is 50 a factor of 33227250?
True
Is 848 a factor of 422843328?
True
Is 65 a factor of 433291560?
True
Does 157 divide 199540999?
False
Is 30 a factor of 951701580?
True
Does 1948 divide 28466124?
True
Does 3470 divide 24498200?
Tr